{"id":112,"date":"2024-07-20T15:32:34","date_gmt":"2024-07-20T15:32:34","guid":{"rendered":"https:\/\/wp1.souprogram.hr\/?post_type=product&#038;p=112"},"modified":"2024-07-20T15:33:34","modified_gmt":"2024-07-20T15:33:34","slug":"lancic-na-sapu","status":"publish","type":"product","link":"https:\/\/wp1.souprogram.hr\/index.php\/product\/lancic-na-sapu\/","title":{"rendered":"Lan\u010di\u0107 na \u0161apu"},"content":{"rendered":"<p>Predivan lan\u010di\u0107 sa pse\u0107om \u0161apom.<\/p>\n","protected":false},"excerpt":{"rendered":"<p>Predivan lan\u010di\u0107 sa pse\u0107om \u0161apom.<\/p>\n","protected":false},"featured_media":103,"comment_status":"open","ping_status":"closed","template":"","meta":{"_et_pb_use_builder":"","_et_pb_old_content":"","_et_gb_content_width":""},"product_cat":[25],"product_tag":[],"class_list":{"0":"post-112","1":"product","2":"type-product","3":"status-publish","4":"has-post-thumbnail","6":"product_cat-uncategorized","8":"first","9":"instock","10":"sold-individually","11":"shipping-taxable","12":"product-type-auction"},"_links":{"self":[{"href":"https:\/\/wp1.souprogram.hr\/index.php\/wp-json\/wp\/v2\/product\/112","targetHints":{"allow":["GET"]}}],"collection":[{"href":"https:\/\/wp1.souprogram.hr\/index.php\/wp-json\/wp\/v2\/product"}],"about":[{"href":"https:\/\/wp1.souprogram.hr\/index.php\/wp-json\/wp\/v2\/types\/product"}],"replies":[{"embeddable":true,"href":"https:\/\/wp1.souprogram.hr\/index.php\/wp-json\/wp\/v2\/comments?post=112"}],"wp:featuredmedia":[{"embeddable":true,"href":"https:\/\/wp1.souprogram.hr\/index.php\/wp-json\/wp\/v2\/media\/103"}],"wp:attachment":[{"href":"https:\/\/wp1.souprogram.hr\/index.php\/wp-json\/wp\/v2\/media?parent=112"}],"wp:term":[{"taxonomy":"product_cat","embeddable":true,"href":"https:\/\/wp1.souprogram.hr\/index.php\/wp-json\/wp\/v2\/product_cat?post=112"},{"taxonomy":"product_tag","embeddable":true,"href":"https:\/\/wp1.souprogram.hr\/index.php\/wp-json\/wp\/v2\/product_tag?post=112"}],"curies":[{"name":"wp","href":"https:\/\/api.w.org\/{rel}","templated":true}]}}